
Is 75 a factor of 9333?
False
Does 90 divide 2355?
False
Is 631 a multiple of 32?
False
Is 21 a factor of 4347?
True
Is 1613 a multiple of 27?
False
Does 6 divide 678?
True
Does 43 divide 7607?
False
Is 92 a factor of 28556?
False
Does 7 divide 102749?
False
Is 10 a factor of 1094?
False
Does 19 divide 7083?
False
Does 6 divide 504?
True
Does 26 divide 999?
False
Is 1989 a multiple of 12?
False
Does 8 divide 984?
True
Is 11556 a multiple of 321?
True
Is 10159 a multiple of 102?
False
Does 67 divide 9246?
True
Is 54 a factor of 2592?
True
Does 4 divide 32106?
False
Is 14 a factor of 2772?
True
Is 4877 a multiple of 63?
False
Is 529 a multiple of 23?
True
Is 302 a multiple of 5?
False
Does 7 divide 3192?
True
Does 8 divide 3400?
True
Is 4561 a multiple of 14?
False
Is 2232 a multiple of 93?
True
Does 106 divide 3710?
True
Is 2384 a multiple of 149?
True
Is 864 a multiple of 72?
True
Is 261 a multiple of 3?
True
Does 39 divide 3486?
False
Is 13 a factor of 2977?
True
Is 55 a factor of 1663?
False
Is 459 a multiple of 9?
True
Does 5 divide 25610?
True
Is 125574 a multiple of 13?
False
Is 25 a factor of 17897?
False
Is 16 a multiple of 8?
True
Is 8157 a multiple of 79?
False
Does 29 divide 1124?
False
Does 36 divide 7380?
True
Is 168 a factor of 81480?
True
Is 191 a multiple of 6?
False
Is 11 a factor of 506?
True
Does 67 divide 2833?
False
Does 16 divide 2448?
True
Does 77 divide 10703?
True
Is 138 a factor of 3179?
False
Does 19 divide 2139?
False
Does 48 divide 1857?
False
Does 30 divide 630?
True
Does 33 divide 13761?
True
Is 11130 a multiple of 42?
True
Is 2079 a multiple of 5?
False
Does 13 divide 9854?
True
Is 50 a factor of 5850?
True
Is 93 a multiple of 9?
False
Is 20 a factor of 580?
True
Does 116 divide 16936?
True
Is 702 a multiple of 22?
False
Is 11 a factor of 9592?
True
Does 15 divide 30?
True
Is 3 a factor of 2279?
False
Is 34 a factor of 8568?
True
Is 123864 a multiple of 52?
True
Is 6425 a multiple of 10?
False
Does 9 divide 1264?
False
Does 28 divide 51670?
False
Does 14 divide 3178?
True
Is 282 a multiple of 6?
True
Is 8232 a multiple of 168?
True
Is 4 a factor of 329?
False
Is 263 a multiple of 7?
False
Does 3 divide 524?
False
Does 44 divide 3097?
False
Is 2 a factor of 82?
True
Does 11 divide 165?
True
Is 926 a multiple of 5?
False
Is 22 a factor of 17424?
True
Is 10791 a multiple of 44?
False
Is 44 a multiple of 4?
True
Does 16 divide 2272?
True
Does 11 divide 2849?
True
Is 83 a factor of 28624?
False
Does 12 divide 2628?
True
Does 67 divide 23087?
False
Is 563 a multiple of 75?
False
Is 49 a factor of 1666?
True
Is 9 a factor of 680?
False
Does 6 divide 194?
False
Does 16 divide 5216?
True
Does 14 divide 1890?
True
Does 124 divide 70886?
False
Is 62 even?
True
Does 27 divide 825?
False
Does 44 divide 1422?
False
Does 73 divide 62634?
True
Is 9422 a multiple of 56?
False
Is 89 a factor of 3471?
True
Is 6865 a multiple of 62?
False
Is 1035 a multiple of 25?
False
Is 10124 a multiple of 31?
False
Is 2 a factor of 23680?
True
Is 1332 a multiple of 18?
True
Is 11 a factor of 137?
False
Is 4 a factor of 2726?
False
Is 6 a factor of 6?
True
Does 5 divide 1132?
False
Is 1192 a multiple of 23?
False
Is 8334 a multiple of 78?
False
Does 64 divide 2665?
False
Does 48 divide 1078?
False
Is 292 a multiple of 6?
False
Is 5674 a multiple of 3?
False
Is 39 a factor of 5733?
True
Is 1260 a multiple of 12?
True
Is 14 a factor of 11105?
False
Is 5 a factor of 4529?
False
Is 16 a factor of 897?
False
Is 3 a factor of 724?
False
Is 3315 a multiple of 65?
True
Is 1222 a multiple of 47?
True
Is 90 a factor of 53358?
False
Is 4 a factor of 3484?
True
Is 715 a multiple of 11?
True
Is 81 a factor of 26163?
True
Is 45 a factor of 4275?
True
Is 8352 a multiple of 41?
False
Does 22 divide 198?
True
Does 31 divide 235?
False
Is 10 a factor of 9000?
True
Is 11060 a multiple of 158?
True
Does 39 divide 185?
False
Does 99 divide 939?
False
Does 2 divide 13822?
True
Is 14892 a multiple of 51?
True
Is 880 a multiple of 20?
True
Does 20 divide 960?
True
Is 25 a factor of 50?
True
Does 3 divide 97?
False
Does 6 divide 59?
False
Does 65 divide 275?
False
Is 15287 a multiple of 244?
False
Is 690 a multiple of 69?
True
Is 220 a multiple of 46?
False
Does 65 divide 250?
False
Is 4986 a multiple of 43?
False
Is 4417 a multiple of 156?
False
Is 41 a factor of 4715?
True
Is 47 a factor of 2067?
False
Does 17 divide 187?
True
Is 15 a factor of 1412?
False
Is 18 a factor of 18369?
False
Is 6054 a multiple of 11?
False
Is 42389 a multiple of 97?
True
Is 12575 a multiple of 12?
False
Does 51 divide 2141?
False
Is 4205 a multiple of 11?
False
Is 92 a factor of 10571?
False
Does 16 divide 49785?
False
Does 21 divide 1578?
False
Is 24 a factor of 9336?
True
Does 36 divide 1368?
True
Is 3873 a multiple of 5?
False
Does 34 divide 12546?
True
Is 2789 a multiple of 23?
False
Is 2 a factor of 336?
True
Is 15 a factor of 1056?
False
Does 15 divide 13205?
False
Is 988 a multiple of 31?
False
Is 21 a factor of 2601?
False
Is 18375 a multiple of 123?
False
Is 12011 a multiple of 11?
False
Is 6908 a multiple of 38?
False
Does 47 divide 55842?
False
Is 1056 a multiple of 33?
True
Is 92 a multiple of 6?
False
Is 81 a factor of 55323?
True
Is 7 a factor of 71687?
True
Does 46 divide 22237?
False
Is 36560 a multiple of 80?
True
Is 130235 a multiple of 427?
True
Is 40740 a multiple of 70?
True
Is 10516 a multiple of 11?
True
Does 9 divide 54?
True
Is 1444 a multiple of 17?
False
Is 3 a factor of 2794?
False
Does 7 divide 128?
False
Does 13 divide 806?
True
Is 70 a factor of 703?
False
Is 95 a factor of 5224?
False
Does 116 divide 5542?
False
Is 2912 a multiple of 67?
False
Does 73 divide 11242?
True
Does 10 divide 226?
False
Does 13 divide 19?
False
Is 9894 a multiple of 102?
True
Does 46 divide 25806?
True
Is 27 a factor of 770?
False
Is 3426 a multiple of 21?
False
Does 29 divide 3344?
False
Is 2 a factor of 242?
True
Is 376 a multiple of 6?
False
Is 24 a factor of 832?
False
Is 27 a factor of 2214?
True
Does 38 divide 18012?
True
Is 121 a factor of 7744?
True
Is 30 a factor of 99?
False
Is 104 a factor of 503?
False
Does 45 divide 4916?
False
Is 6 a factor of 138?
True
Does 10 divide 830?
True
Does 13 divide 924?
False
Is 8008 a multiple of 14?
True
Is 960 a multiple of 12?
True
Is 180 a factor of 49680?
True
Does 14 divide 3626?
True
Is 19 a factor of 36322?
False
Is 5 a factor of 110?
True
Does 5 divide 3860?
True
Is 57870 a multiple of 16?
False
Is 28 a factor of 252?
True
Is 72 a factor of 63705?
False
Does 27 divide 1377?
True
Does 100 divide 1850?
False
Is 26 a factor of 8419?
False
Is 2023 a multiple of 13?
False
Is 11 a factor of 1715?
False
Is 2304 a multiple of 29?
False
Is 19050 a multiple of 36?
False
Does 40 divide 13292?
False
Is 47539 a multiple of 137?
True
Does 122 divide 6222?
True
Does 278 divide 29304?
False
Is 10 a factor of 1440?
True
Is 3300 a multiple of 32?
False
Is 32 a factor of 775?
False
Is 986 a multiple of 17?
True
Does 12 divide 167?
False
Does 36 divide 1347?
False
Does 18 divide 10818?
True
Does 5 divide 5540?
True
Is 5114 a multiple of 41?
False
Does 22 divide 660?
True
Is 2 a factor of 51?
False
Is 225 a multiple of 22?
False
Does 55 divide 880?
True
Is 22 a factor of 616?
True
Does 63 divide 63?
True
Does 21 divide 1554?
True
Is 27 a factor of 939?
False
Is 7 a factor of 34159?
False
Is 82705 a multiple of 131?
False
Is 20 a factor of 3331?
False
Does 9 divide 360?
True
Does 9 divide 1679?
False
Is 709 even?
False
Is 37 a factor of 643?
False
Is 52 a factor of 1248?
True
Is 104 a factor of 6656?
True
Does 15 divide 79020?
True
Does 20 divide 6060?
True
Does 17 divide 408?
True
Is 3203 a multiple of 22?
False
Is 558 a multiple of 3?
True
Does 209 divide 356?
False
Does 20 divide 5240?
True
Does 25 divide 800?
True
Does 313 divide 20658?
True
Is 181 a multiple of 39?
False
Is 7 a factor of 31?
False
Is 386 a multiple of 7?
False
Is 7 a factor of 59?
False
Does 9 divide 4149?
True
Is 28 a multiple of 5?
False
Is 16 a factor of 988?
False
Is 1178 a multiple of 73?
False
Is 1379 a multiple of 83?
False
Is 45 a factor of 69128?
False
Is 1305 a multiple of 29?
True
Does 3 divide 473?
False
Does 4 divide 354?
False
Is 37 a factor of 7696?
True
Is 690 